ainder when 74 is divided by u?
35
Let w = -106 - -113. Suppose w = 3*m - 8, 2*m + 5 = 3*v. Calculate the remainder when 13 is divided by v.
3
Let j = 18 + -15. Suppose -j*q - 9 = 0, -r + 21 = -5*q - 6. Let o = r + -7. What is the remainder when 19 is divided by o?
4
Let h be (82/(-4))/((-2)/4). Suppose u = -5*y - 7 - 34, 3*y - h = u. Calculate the remainder when 25 is divided by (-2)/(-12) - u/6.
4
Let o(y) = -28*y - 85. Calculate the remainder when o(-4) is divided by 15.
12
Suppose -4*h + 10 = -2*h, -4*l + 44 = -4*h. What is the remainder when 237 is divided by l?
13
Suppose 3*m - 37 = 65. What is the remainder when m is divided by 24/(-108) + 595/45?
8
Suppose 5*y + 388 + 2 = 0. Let m = -50 - y. What is the remainder when m is divided by 15?
13
Let i(h) = h - 4. Let g be i(9). Suppose -y - g*z + 26 = -z, -2*z = y - 16. What is the remainder when y is divided by 2?
0
Let u(n) = 2*n**2 - 29*n - 691. What is the remainder when u(35) is divided by 15?
9
Suppose -4*n - 4*h = -124, -16 = -3*h - h. Let w = 32 - n. What is the remainder when w is divided by 12/5 - (-6)/(-15)?
1
Suppose -u - 3*o - 2 = 0, -o - 9 = -3*u - 5*o. Calculate the remainder when 146 is divided by u.
6
Let v = 277 - 130. What is the remainder when v is divided by 15?
12
Suppose -18*a + 10*a = -360. Calculate the remainder when a is divided by (-28)/21*-2*9.
21
Let x(q) = -1 - q + 4*q**2 - 5*q**2 - 28*q**3 - 3*q**2 + 3*q**2. What is the remainder when x(-1) is divided by 10?
7
Suppose -5*i + 5*x + 45 = 0, 2*x - 5*x = 4*i - 71. Let f(m) = -5*m**3 - 3 + 2*m + 9*m**2 + 6*m**3 - 2*m**2. Calculate the remainder when f(-3) is divided by i.
13
Suppose -98*t + 46*t + 5564 = 0. Calculate the remainder when t is divided by 60.
47
Let f(v) = -v. Let i be f(-2). Let u = i + 3. Suppose -38 - 22 = -u*m. Calculate the remainder when 22 is divided by m.
10
Let y(d) = 10*d**2 + 5*d + 5. Let c be y(-1). What is the remainder when 53 is divided by 4/c - 252/(-45)?
5
Let s = -10 - -13. Let a = s + 0. Let w = 1 + a. What is the remainder when 7 is divided by w?
3
Let v be (-3)/2*480/18. Let s = -20 - v. Let y = s - 16. What is the remainder when 11 is divided by y?
3
Let y(g) = 2*g**2 - 3*g + 1. Calculate the remainder when -1*(-7 - (-2 - 4)) - -6 is divided by y(2).
1
Let v(s) = -s**3 - 11*s**2 + 82*s + 50. Calculate the remainder when 465 is divided by v(-16).
15
Suppose 0 = -4*x + 15*x - 198. Suppose 0 = 2*d + 3 + 3. What is the remainder when 68 + (-1)/d*3 is divided by x?
15
Let o = 499 + -482. What is the remainder when 150 is divided by o?
14
Suppose -5*r - 8 = -78. Suppose -r*b + 4003 = 97. Calculate the remainder when b is divided by 35.
34
Let x be -1 - ((64 - -3) + 1). Let f = x + 132. Suppose 4*u + 3*n - f = 0, -2*u = -4*n - 5 + 1. Calculate the remainder when u is divided by 7.
5
Suppose -z = -4*m - 35, m + 58 = 2*z + 9. What is the remainder when 65 is divided by z?
19
Let q(c) = 4*c + c**2 - 18*c + 10*c - 2. Calculate the remainder when q(-5) is divided by 15.
13
Suppose 4*b - 3*b = 4, -2*f = -2*b - 54. Calculate the remainder when 153 is divided by f.
29
Let j = -31 - -147. Suppose 0 = 5*z + n - 294, n = -2*z - n + j. Calculate the remainder when z is divided by 15.
14
Suppose 54*j - 1156 = 1814. What is the remainder when j is divided by 28?
27
Suppose 5000 = 8*v + 2264. What is the remainder when v is divided by 87?
81
Suppose 0 = 6*q - 3*q - 108. Calculate the remainder when (2 + 0)/((-28)/(-1974)) is divided by q.
33
Let b(g) = 2*g**3 + 3*g**2 + 5*g - 2. Let z(r) = -r**3 - 15*r**2 + 17*r + 40. Calculate the remainder when b(3) is divided by z(-16).
22
Let b = -1852 - -2177. Calculate the remainder when b is divided by 66.
61
Let b = -281 + 284. What is the remainder when b is divided by 3?
0
Let l = -76 + 78. Suppose 3*y - 4*v = l, -3*y - 7*v + 6*v + 22 = 0. Calculate the remainder when y is divided by 2.
0
Suppose -2*n = -7*n - 4*y + 35, 4*n + 2*y = 22. Calculate the remainder when 15 is divided by n.
0
Suppose 0 = 3*b - 0*b + 57. Let d = 29 + b. Suppose -2*o + d = 3*o. Calculate the remainder when 2 is divided by o.
0
Let w be (5 + 1 - 4)*6. Calculate the remainder when (-1196)/(-14) + (-3)/((-63)/w) is divided by 11.
9
Let j = 24 + -8. Suppose -3*y - a + j = 0, 2*a + 0*a = y + 4. Let r(n) = -n**3 + 3*n**2 + 6*n - 6. Calculate the remainder when 6 is divided by r(y).
0
Suppose 13*u - 10*u = -102. Let h(s) = -s**2 + 2*s. Let v be h(6). Let w = v - u. Calculate the remainder when 28 is divided by w.
8
Let u be 4 + 4*3/4. Suppose w - u = 7. Calculate the remainder when w is divided by 10.
4
Let m(j) = -6*j**2 + 26*j + 4. What is the remainder when 619 is divided by m(4)?
7
Let y(t) = -t**3 - 4*t**2 + 2*t + 19. What is the remainder when 180 is divided by y(-3)?
0
Let m(f) = 6 + 0 + 7 + 6*f + 1. Calculate the remainder when 223 is divided by m(7).
55
Let s = 349 - 133. What is the remainder when s is divided by 112?
104
Let h = 13 - 8. Suppose -h*z + 45 = 4*m, -6*z + m + 20 = -z. Suppose -z*k + k = -28. Calculate the remainder when k is divided by 4.
3
Let v(l) = -4*l + 14. Let b(a) = -a + 1. Let m(c) = -5*b(c) + v(c). Calculate the remainder when 37 is divided by m(4).
11
Let x = 148 - 138. Suppose -n + 0*n + 4 = 0. Calculate the remainder when n - 5 - 3*-13 is divided by x.
8
Suppose -2*w + 30 = 3*w. Let q be 4/(-10) - 490/25. Let r = 2 - q. Calculate the remainder when r is divided by w.
4
Let r be 4/(-30) + (-985)/(-75). Suppose 3*t - 2*t - r = -2*m, 0 = t + 3*m - 18. Calculate the remainder when t is divided by 1.
0
Let s = 47 + -47. Suppose s*l + 927 = 9*l. Calculate the remainder when l is divided by 53.
50
Let u(y) = y + 41. Let j be u(-17). Suppose 7*x + 3 = j. What is the remainder when 14 is divided by x?
2
Suppose 148 = r + 3*r. Let q(y) = y**3 - 18*y**2 + 19*y - 13. Let f be q(17). Let x = f + -11. Calculate the remainder when r is divided by x.
7
Let v(k) = -k**3 - 6*k**2 - 4*k - 12. Calculate the remainder when (12/(-3))/(2/(-23)) is divided by v(-6).
10
Let d = 20 + 8. Calculate the remainder when (-53*(-1)/(-2))/(13/(-26)) is divided by d.
25
Let a = 21 - -17. Let k(j) = j**2 + 8*j + 4. Let b be k(-8). Suppose 3*g - 3*d - 45 = -b*d, 0 = d - 3. What is the remainder when a is divided by g?
10
Let k(q) = 17*q - 3. Let a be k(3). Suppose 2*t + a = 5*s, 5*s - 55 + 0 = -5*t. Calculate the remainder when 46 is divided by s.
6
Suppose 9703 = 63*w - 8819. What is the remainder when w is divided by 58?
4
Suppose -3*p + 9 = 3*l, -4*l = 2*p + l - 15. Suppose 0 = z - 5 - p. What is the remainder when 12 is divided by z?
2
Suppose -299 + 521 = 6*j. Calculate the remainder when 118 is divided by j.
7
Let j(g) = 7*g + 3. Let z(l) = 8*l + 4. Let t(m) = -4*j(m) + 3*z(m). Calculate the remainder when t(-7) is divided by 8.
4
Suppose -2*j + 62 = 3*f, -9*j + 13*j - 124 = 3*f. What is the remainder when 1764 is divided by j?
28
Suppose 0 = -2*b - 3*h + 80, -5*h + 83 = 2*b - 5. Calculate the remainder when 147 is divided by b.
11
Let k(y) = -8*y**2 + 2*y + 4. Let u be k(3). Let b = -34 - u. Calculate the remainder when 68 is divided by 2/(60/b + -2).
12
Let k(d) be the first derivative of -d**2/2 + 16*d + 14. Calculate the remainder when k(-9) is divided by 4.
1
Suppose 3*b = -a + 325 + 44, -5*a = 3*b - 357. Calculate the remainder when b is divided by 32.
28
Let a be 10/(-4)*36/(-30). Suppose 0*g - 459 = a*g. Let p = -87 - g. What is the remainder when p is divided by 23?
20
Let d = -845 + 1096. Calculate the remainder when d is divided by 70.
41
Suppose -3*l - 4*h - 5 + 51 = 0, 4*l + 2*h = 58. What is the remainder when 52 is divided by l?
10
Let z(c) = -c + 8. Let i be z(3). Let n(h) = 15*h - 4. What is the remainder when n(i) is divided by 9?
8
Let u = -8 - -71. Calculate the remainder when u is divided by 16.
15
Let l be (3/(9/6))/(6/1599). Suppose l = 3*i + 10*i. Calculate the remainder when 118 is divided by i.
36
Let s(w) = w**2 + w - 6. Calculate the remainder when 115 is divided by s(5).
19
Suppose -231 = 2*r - 281. Calculate the remainder when r is divided by 18.
7
Let s(z) = 17*z - 2. Suppose 5*c - 4*g = 27, 2*c - g + 4*g + 3 = 0. Calculate the remainder when s(c) is divided by 49/3 + 12/18.
15
Suppose 12*m - 913 = -649. Calculate the remainder when 174 is divided by